{"id":9291,"date":"2025-03-27T12:56:20","date_gmt":"2025-03-27T11:56:20","guid":{"rendered":"https:\/\/buenavita.fr\/boutique\/?post_type=product&#038;p=9291"},"modified":"2026-02-20T15:40:32","modified_gmt":"2026-02-20T14:40:32","slug":"topping-buenavita-lessential","status":"publish","type":"product","link":"https:\/\/buenavita.fr\/boutique\/boutique\/topping-buenavita-lessential\/","title":{"rendered":"TOPPING BUENAVITA L&rsquo;ESSENTIAL"},"content":{"rendered":"<p style=\"text-align: justify;\">Composition : Topping sans sucre &#8211; Lait demi-\u00e9cr\u00e9m\u00e9 en poudre et<span style=\"font-size: 12pt;\"> antiagglom\u00e9rant (E-551)<\/span><\/p>\n<p style=\"text-align: justify;\">Ce produit ne convient pas aux nourrissons de moins de 12 mois.<\/p>\n<p style=\"text-align: justify;\">*tels que le bl\u00e9, les arachides, les fruits \u00e0 coques, le c\u00e9leri, le soja, l\u2019\u0153uf.<\/p>\n","protected":false},"excerpt":{"rendered":"<p>D\u00e9gustez l&rsquo;ensemble de vos boissons avec un zeste de Topping qui apportera cette onctuosit\u00e9 ainsi qu&rsquo;un savoureux go\u00fbt doux qui fondra en bouche pour laisser s&rsquo;\u00e9chapper les grandes origines des ar\u00f4mes de votre breuvage. Mais faites-vous \u00e9galement plaisir \u00e0 cr\u00e9er des recettes de caf\u00e9\u00a0 surmonter d&rsquo;une mousse de lait pour combler les envies de vos papilles.<\/p>\n","protected":false},"featured_media":9424,"comment_status":"closed","ping_status":"closed","template":"","meta":{"_acf_changed":false},"product_brand":[],"product_cat":[51],"product_tag":[],"class_list":{"0":"post-9291","1":"product","2":"type-product","3":"status-publish","4":"has-post-thumbnail","6":"product_cat-lait","8":"first","9":"instock","10":"taxable","11":"shipping-taxable","12":"purchasable","13":"product-type-simple"},"supplier_id":null,"supplier_sku":"","barcode":null,"atum_controlled":true,"out_stock_date":null,"out_stock_threshold":null,"inheritable":false,"inbound_stock":null,"stock_on_hold":16,"sold_today":0,"sales_last_days":0,"reserved_stock":null,"customer_returns":null,"warehouse_damage":null,"lost_in_post":null,"other_logs":null,"out_stock_days":0,"lost_sales":0,"has_location":false,"update_date":"2026-05-02T03:13:28","atum_locations":[],"atum_stock_status":"instock","restock_status":false,"low_stock_amount":"","sales_update_date":"2026-05-02T03:13:28","calc_backorders":null,"acf":[],"yoast_head":"<!-- This site is optimized with the Yoast SEO plugin v27.0 - https:\/\/yoast.com\/product\/yoast-seo-wordpress\/ -->\n<title>TOPPING BUENAVITA L&#039;ESSENTIAL - Buenavita<\/title>\n<meta name=\"robots\" content=\"index, follow, max-snippet:-1, max-image-preview:large, max-video-preview:-1\" \/>\n<link rel=\"canonical\" href=\"https:\/\/buenavita.fr\/boutique\/boutique\/topping-buenavita-lessential\/\" \/>\n<meta property=\"og:locale\" content=\"fr_FR\" \/>\n<meta property=\"og:type\" content=\"article\" \/>\n<meta property=\"og:title\" content=\"TOPPING BUENAVITA L&#039;ESSENTIAL - Buenavita\" \/>\n<meta property=\"og:description\" content=\"D\u00e9gustez l&#039;ensemble de vos boissons avec un zeste de Topping qui apportera cette onctuosit\u00e9 ainsi qu&#039;un savoureux go\u00fbt doux qui fondra en bouche pour laisser s&#039;\u00e9chapper les grandes origines des ar\u00f4mes de votre breuvage. Mais faites-vous \u00e9galement plaisir \u00e0 cr\u00e9er des recettes de caf\u00e9\u00a0 surmonter d&#039;une mousse de lait pour combler les envies de vos papilles.\" \/>\n<meta property=\"og:url\" content=\"https:\/\/buenavita.fr\/boutique\/boutique\/topping-buenavita-lessential\/\" \/>\n<meta property=\"og:site_name\" content=\"Buenavita\" \/>\n<meta property=\"article:publisher\" content=\"https:\/\/www.facebook.com\/buenavita.cafe\/\" \/>\n<meta property=\"article:modified_time\" content=\"2026-02-20T14:40:32+00:00\" \/>\n<meta property=\"og:image\" content=\"https:\/\/buenavita.fr\/wp-content\/uploads\/2025\/03\/TOPPING-ESSENTIEL.png\" \/>\n\t<meta property=\"og:image:width\" content=\"283\" \/>\n\t<meta property=\"og:image:height\" content=\"265\" \/>\n\t<meta property=\"og:image:type\" content=\"image\/png\" \/>\n<meta name=\"twitter:card\" content=\"summary_large_image\" \/>\n<meta name=\"twitter:site\" content=\"@CafeBuenavita\" \/>\n<meta name=\"twitter:label1\" content=\"Dur\u00e9e de lecture estim\u00e9e\" \/>\n\t<meta name=\"twitter:data1\" content=\"1 minute\" \/>\n<script type=\"application\/ld+json\" class=\"yoast-schema-graph\">{\"@context\":\"https:\/\/schema.org\",\"@graph\":[{\"@type\":\"WebPage\",\"@id\":\"https:\/\/buenavita.fr\/boutique\/boutique\/topping-buenavita-lessential\/\",\"url\":\"https:\/\/buenavita.fr\/boutique\/boutique\/topping-buenavita-lessential\/\",\"name\":\"TOPPING BUENAVITA L'ESSENTIAL - Buenavita\",\"isPartOf\":{\"@id\":\"https:\/\/buenavita.fr\/boutique\/#website\"},\"primaryImageOfPage\":{\"@id\":\"https:\/\/buenavita.fr\/boutique\/boutique\/topping-buenavita-lessential\/#primaryimage\"},\"image\":{\"@id\":\"https:\/\/buenavita.fr\/boutique\/boutique\/topping-buenavita-lessential\/#primaryimage\"},\"thumbnailUrl\":\"https:\/\/buenavita.fr\/wp-content\/uploads\/2025\/03\/TOPPING-ESSENTIEL.png\",\"datePublished\":\"2025-03-27T11:56:20+00:00\",\"dateModified\":\"2026-02-20T14:40:32+00:00\",\"breadcrumb\":{\"@id\":\"https:\/\/buenavita.fr\/boutique\/boutique\/topping-buenavita-lessential\/#breadcrumb\"},\"inLanguage\":\"fr-FR\",\"potentialAction\":[{\"@type\":\"ReadAction\",\"target\":[\"https:\/\/buenavita.fr\/boutique\/boutique\/topping-buenavita-lessential\/\"]}]},{\"@type\":\"ImageObject\",\"inLanguage\":\"fr-FR\",\"@id\":\"https:\/\/buenavita.fr\/boutique\/boutique\/topping-buenavita-lessential\/#primaryimage\",\"url\":\"https:\/\/buenavita.fr\/wp-content\/uploads\/2025\/03\/TOPPING-ESSENTIEL.png\",\"contentUrl\":\"https:\/\/buenavita.fr\/wp-content\/uploads\/2025\/03\/TOPPING-ESSENTIEL.png\",\"width\":283,\"height\":265},{\"@type\":\"BreadcrumbList\",\"@id\":\"https:\/\/buenavita.fr\/boutique\/boutique\/topping-buenavita-lessential\/#breadcrumb\",\"itemListElement\":[{\"@type\":\"ListItem\",\"position\":1,\"name\":\"Accueil\",\"item\":\"https:\/\/buenavita.fr\/boutique\/\"},{\"@type\":\"ListItem\",\"position\":2,\"name\":\"TOPPING BUENAVITA L&rsquo;ESSENTIAL\"}]},{\"@type\":\"WebSite\",\"@id\":\"https:\/\/buenavita.fr\/boutique\/#website\",\"url\":\"https:\/\/buenavita.fr\/boutique\/\",\"name\":\"Buenavita\",\"description\":\"100% plaisir - sans allerg\u00e8ne - Eco responsable\",\"potentialAction\":[{\"@type\":\"SearchAction\",\"target\":{\"@type\":\"EntryPoint\",\"urlTemplate\":\"https:\/\/buenavita.fr\/boutique\/?s={search_term_string}\"},\"query-input\":{\"@type\":\"PropertyValueSpecification\",\"valueRequired\":true,\"valueName\":\"search_term_string\"}}],\"inLanguage\":\"fr-FR\"}]}<\/script>\n<!-- \/ Yoast SEO plugin. -->","yoast_head_json":{"title":"TOPPING BUENAVITA L'ESSENTIAL - Buenavita","robots":{"index":"index","follow":"follow","max-snippet":"max-snippet:-1","max-image-preview":"max-image-preview:large","max-video-preview":"max-video-preview:-1"},"canonical":"https:\/\/buenavita.fr\/boutique\/boutique\/topping-buenavita-lessential\/","og_locale":"fr_FR","og_type":"article","og_title":"TOPPING BUENAVITA L'ESSENTIAL - Buenavita","og_description":"D\u00e9gustez l'ensemble de vos boissons avec un zeste de Topping qui apportera cette onctuosit\u00e9 ainsi qu'un savoureux go\u00fbt doux qui fondra en bouche pour laisser s'\u00e9chapper les grandes origines des ar\u00f4mes de votre breuvage. Mais faites-vous \u00e9galement plaisir \u00e0 cr\u00e9er des recettes de caf\u00e9\u00a0 surmonter d'une mousse de lait pour combler les envies de vos papilles.","og_url":"https:\/\/buenavita.fr\/boutique\/boutique\/topping-buenavita-lessential\/","og_site_name":"Buenavita","article_publisher":"https:\/\/www.facebook.com\/buenavita.cafe\/","article_modified_time":"2026-02-20T14:40:32+00:00","og_image":[{"width":283,"height":265,"url":"https:\/\/buenavita.fr\/wp-content\/uploads\/2025\/03\/TOPPING-ESSENTIEL.png","type":"image\/png"}],"twitter_card":"summary_large_image","twitter_site":"@CafeBuenavita","twitter_misc":{"Dur\u00e9e de lecture estim\u00e9e":"1 minute"},"schema":{"@context":"https:\/\/schema.org","@graph":[{"@type":"WebPage","@id":"https:\/\/buenavita.fr\/boutique\/boutique\/topping-buenavita-lessential\/","url":"https:\/\/buenavita.fr\/boutique\/boutique\/topping-buenavita-lessential\/","name":"TOPPING BUENAVITA L'ESSENTIAL - Buenavita","isPartOf":{"@id":"https:\/\/buenavita.fr\/boutique\/#website"},"primaryImageOfPage":{"@id":"https:\/\/buenavita.fr\/boutique\/boutique\/topping-buenavita-lessential\/#primaryimage"},"image":{"@id":"https:\/\/buenavita.fr\/boutique\/boutique\/topping-buenavita-lessential\/#primaryimage"},"thumbnailUrl":"https:\/\/buenavita.fr\/wp-content\/uploads\/2025\/03\/TOPPING-ESSENTIEL.png","datePublished":"2025-03-27T11:56:20+00:00","dateModified":"2026-02-20T14:40:32+00:00","breadcrumb":{"@id":"https:\/\/buenavita.fr\/boutique\/boutique\/topping-buenavita-lessential\/#breadcrumb"},"inLanguage":"fr-FR","potentialAction":[{"@type":"ReadAction","target":["https:\/\/buenavita.fr\/boutique\/boutique\/topping-buenavita-lessential\/"]}]},{"@type":"ImageObject","inLanguage":"fr-FR","@id":"https:\/\/buenavita.fr\/boutique\/boutique\/topping-buenavita-lessential\/#primaryimage","url":"https:\/\/buenavita.fr\/wp-content\/uploads\/2025\/03\/TOPPING-ESSENTIEL.png","contentUrl":"https:\/\/buenavita.fr\/wp-content\/uploads\/2025\/03\/TOPPING-ESSENTIEL.png","width":283,"height":265},{"@type":"BreadcrumbList","@id":"https:\/\/buenavita.fr\/boutique\/boutique\/topping-buenavita-lessential\/#breadcrumb","itemListElement":[{"@type":"ListItem","position":1,"name":"Accueil","item":"https:\/\/buenavita.fr\/boutique\/"},{"@type":"ListItem","position":2,"name":"TOPPING BUENAVITA L&rsquo;ESSENTIAL"}]},{"@type":"WebSite","@id":"https:\/\/buenavita.fr\/boutique\/#website","url":"https:\/\/buenavita.fr\/boutique\/","name":"Buenavita","description":"100% plaisir - sans allerg\u00e8ne - Eco responsable","potentialAction":[{"@type":"SearchAction","target":{"@type":"EntryPoint","urlTemplate":"https:\/\/buenavita.fr\/boutique\/?s={search_term_string}"},"query-input":{"@type":"PropertyValueSpecification","valueRequired":true,"valueName":"search_term_string"}}],"inLanguage":"fr-FR"}]}},"_links":{"self":[{"href":"https:\/\/buenavita.fr\/boutique\/wp-json\/wp\/v2\/product\/9291","targetHints":{"allow":["GET"]}}],"collection":[{"href":"https:\/\/buenavita.fr\/boutique\/wp-json\/wp\/v2\/product"}],"about":[{"href":"https:\/\/buenavita.fr\/boutique\/wp-json\/wp\/v2\/types\/product"}],"replies":[{"embeddable":true,"href":"https:\/\/buenavita.fr\/boutique\/wp-json\/wp\/v2\/comments?post=9291"}],"wp:featuredmedia":[{"embeddable":true,"href":"https:\/\/buenavita.fr\/boutique\/wp-json\/wp\/v2\/media\/9424"}],"wp:attachment":[{"href":"https:\/\/buenavita.fr\/boutique\/wp-json\/wp\/v2\/media?parent=9291"}],"wp:term":[{"taxonomy":"product_brand","embeddable":true,"href":"https:\/\/buenavita.fr\/boutique\/wp-json\/wp\/v2\/product_brand?post=9291"},{"taxonomy":"product_cat","embeddable":true,"href":"https:\/\/buenavita.fr\/boutique\/wp-json\/wp\/v2\/product_cat?post=9291"},{"taxonomy":"product_tag","embeddable":true,"href":"https:\/\/buenavita.fr\/boutique\/wp-json\/wp\/v2\/product_tag?post=9291"}],"curies":[{"name":"wp","href":"https:\/\/api.w.org\/{rel}","templated":true}]}}