{"id":8966,"date":"2023-12-08T10:55:46","date_gmt":"2023-12-08T09:55:46","guid":{"rendered":"https:\/\/buenavita.fr\/boutique\/?post_type=product&#038;p=8966"},"modified":"2025-09-15T14:18:53","modified_gmt":"2025-09-15T12:18:53","slug":"milkii-protein-bar-coconuts-flakes","status":"publish","type":"product","link":"https:\/\/buenavita.fr\/boutique\/boutique\/milkii-protein-bar-coconuts-flakes\/","title":{"rendered":"Milkii Protein Bar Coconut flakes X12 Barres"},"content":{"rendered":"<p>D\u00e9couvrez une exp\u00e9rience gustative in\u00e9gal\u00e9e avec nos Milkii Protein Bar Coconut Flakes, une fusion parfaite entre la douceur du lait, la richesse des prot\u00e9ines et la texture exquise des flocons de noix de coco croustillants. Ces barres prot\u00e9in\u00e9es sont bien plus qu&rsquo;une simple collation ; elles incarnent l&rsquo;\u00e9quilibre parfait entre le plaisir indulgent et la nutrition fonctionnelle.<\/p>\n<p>&nbsp;<\/p>\n","protected":false},"excerpt":{"rendered":"<p>D\u00e9couvrez une exp\u00e9rience gustative in\u00e9gal\u00e9e avec nos Milkii Protein Bar Coconut Flakes, une fusion parfaite entre la douceur du lait, la richesse des prot\u00e9ines et la texture exquise des flocons de noix de coco croustillants. Ces barres prot\u00e9in\u00e9es sont bien plus qu&rsquo;une simple collation ; elles incarnent l&rsquo;\u00e9quilibre parfait entre le plaisir indulgent et la &hellip; <a href=\"https:\/\/buenavita.fr\/boutique\/boutique\/milkii-protein-bar-coconuts-flakes\/\" class=\"more-link\">Continuer la lecture<span class=\"screen-reader-text\"> de &laquo;&nbsp;Milkii Protein Bar Coconut flakes X12 Barres&nbsp;&raquo;<\/span><\/a><\/p>\n","protected":false},"featured_media":8967,"comment_status":"closed","ping_status":"closed","template":"","meta":{"_acf_changed":false},"product_brand":[],"product_cat":[71],"product_tag":[],"class_list":{"0":"post-8966","1":"product","2":"type-product","3":"status-publish","4":"has-post-thumbnail","6":"product_cat-produits-proteines","8":"first","9":"instock","10":"taxable","11":"shipping-taxable","12":"purchasable","13":"product-type-simple"},"supplier_id":null,"supplier_sku":"","barcode":null,"atum_controlled":true,"out_stock_date":null,"out_stock_threshold":null,"inheritable":false,"inbound_stock":null,"stock_on_hold":0,"sold_today":0,"sales_last_days":0,"reserved_stock":null,"customer_returns":null,"warehouse_damage":null,"lost_in_post":null,"other_logs":null,"out_stock_days":0,"lost_sales":0,"has_location":false,"update_date":"2026-04-30T03:10:33","atum_locations":[],"atum_stock_status":"instock","restock_status":false,"low_stock_amount":"","sales_update_date":"2026-04-30T03:10:33","calc_backorders":null,"acf":[],"yoast_head":"<!-- This site is optimized with the Yoast SEO plugin v27.0 - https:\/\/yoast.com\/product\/yoast-seo-wordpress\/ -->\n<title>Milkii Protein Bar Coconut flakes X12 Barres Buenavita<\/title>\n<meta name=\"description\" content=\"D\u00e9couvrez notre d\u00e9licieuses Milkii Protein bar coconut, une explosion de saveurs exotiques pour satisfaire vos papilles. Notre barres orignal et sportive.\" \/>\n<meta name=\"robots\" content=\"index, follow, max-snippet:-1, max-image-preview:large, max-video-preview:-1\" \/>\n<link rel=\"canonical\" href=\"https:\/\/buenavita.fr\/boutique\/boutique\/milkii-protein-bar-coconuts-flakes\/\" \/>\n<meta property=\"og:locale\" content=\"fr_FR\" \/>\n<meta property=\"og:type\" content=\"article\" \/>\n<meta property=\"og:title\" content=\"Milkii Protein Bar Coconut flakes X12 Barres Buenavita\" \/>\n<meta property=\"og:description\" content=\"D\u00e9couvrez notre d\u00e9licieuses Milkii Protein bar coconut, une explosion de saveurs exotiques pour satisfaire vos papilles. Notre barres orignal et sportive.\" \/>\n<meta property=\"og:url\" content=\"https:\/\/buenavita.fr\/boutique\/boutique\/milkii-protein-bar-coconuts-flakes\/\" \/>\n<meta property=\"og:site_name\" content=\"Buenavita\" \/>\n<meta property=\"article:publisher\" content=\"https:\/\/www.facebook.com\/buenavita.cafe\/\" \/>\n<meta property=\"article:modified_time\" content=\"2025-09-15T12:18:53+00:00\" \/>\n<meta property=\"og:image\" content=\"https:\/\/buenavita.fr\/wp-content\/uploads\/2023\/12\/milkiicoconuts.png\" \/>\n\t<meta property=\"og:image:width\" content=\"486\" \/>\n\t<meta property=\"og:image:height\" content=\"655\" \/>\n\t<meta property=\"og:image:type\" content=\"image\/png\" \/>\n<meta name=\"twitter:card\" content=\"summary_large_image\" \/>\n<meta name=\"twitter:site\" content=\"@CafeBuenavita\" \/>\n<meta name=\"twitter:label1\" content=\"Dur\u00e9e de lecture estim\u00e9e\" \/>\n\t<meta name=\"twitter:data1\" content=\"1 minute\" \/>\n<script type=\"application\/ld+json\" class=\"yoast-schema-graph\">{\"@context\":\"https:\/\/schema.org\",\"@graph\":[{\"@type\":\"WebPage\",\"@id\":\"https:\/\/buenavita.fr\/boutique\/boutique\/milkii-protein-bar-coconuts-flakes\/\",\"url\":\"https:\/\/buenavita.fr\/boutique\/boutique\/milkii-protein-bar-coconuts-flakes\/\",\"name\":\"Milkii Protein Bar Coconut flakes X12 Barres Buenavita\",\"isPartOf\":{\"@id\":\"https:\/\/buenavita.fr\/boutique\/#website\"},\"primaryImageOfPage\":{\"@id\":\"https:\/\/buenavita.fr\/boutique\/boutique\/milkii-protein-bar-coconuts-flakes\/#primaryimage\"},\"image\":{\"@id\":\"https:\/\/buenavita.fr\/boutique\/boutique\/milkii-protein-bar-coconuts-flakes\/#primaryimage\"},\"thumbnailUrl\":\"https:\/\/buenavita.fr\/wp-content\/uploads\/2023\/12\/milkiicoconuts.png\",\"datePublished\":\"2023-12-08T09:55:46+00:00\",\"dateModified\":\"2025-09-15T12:18:53+00:00\",\"description\":\"D\u00e9couvrez notre d\u00e9licieuses Milkii Protein bar coconut, une explosion de saveurs exotiques pour satisfaire vos papilles. Notre barres orignal et sportive.\",\"breadcrumb\":{\"@id\":\"https:\/\/buenavita.fr\/boutique\/boutique\/milkii-protein-bar-coconuts-flakes\/#breadcrumb\"},\"inLanguage\":\"fr-FR\",\"potentialAction\":[{\"@type\":\"ReadAction\",\"target\":[\"https:\/\/buenavita.fr\/boutique\/boutique\/milkii-protein-bar-coconuts-flakes\/\"]}]},{\"@type\":\"ImageObject\",\"inLanguage\":\"fr-FR\",\"@id\":\"https:\/\/buenavita.fr\/boutique\/boutique\/milkii-protein-bar-coconuts-flakes\/#primaryimage\",\"url\":\"https:\/\/buenavita.fr\/wp-content\/uploads\/2023\/12\/milkiicoconuts.png\",\"contentUrl\":\"https:\/\/buenavita.fr\/wp-content\/uploads\/2023\/12\/milkiicoconuts.png\",\"width\":486,\"height\":655,\"caption\":\"Protein bar coconuts\"},{\"@type\":\"BreadcrumbList\",\"@id\":\"https:\/\/buenavita.fr\/boutique\/boutique\/milkii-protein-bar-coconuts-flakes\/#breadcrumb\",\"itemListElement\":[{\"@type\":\"ListItem\",\"position\":1,\"name\":\"Accueil\",\"item\":\"https:\/\/buenavita.fr\/boutique\/\"},{\"@type\":\"ListItem\",\"position\":2,\"name\":\"Milkii Protein Bar Coconut flakes X12 Barres\"}]},{\"@type\":\"WebSite\",\"@id\":\"https:\/\/buenavita.fr\/boutique\/#website\",\"url\":\"https:\/\/buenavita.fr\/boutique\/\",\"name\":\"Buenavita\",\"description\":\"100% plaisir - sans allerg\u00e8ne - Eco responsable\",\"potentialAction\":[{\"@type\":\"SearchAction\",\"target\":{\"@type\":\"EntryPoint\",\"urlTemplate\":\"https:\/\/buenavita.fr\/boutique\/?s={search_term_string}\"},\"query-input\":{\"@type\":\"PropertyValueSpecification\",\"valueRequired\":true,\"valueName\":\"search_term_string\"}}],\"inLanguage\":\"fr-FR\"}]}<\/script>\n<!-- \/ Yoast SEO plugin. -->","yoast_head_json":{"title":"Milkii Protein Bar Coconut flakes X12 Barres Buenavita","description":"D\u00e9couvrez notre d\u00e9licieuses Milkii Protein bar coconut, une explosion de saveurs exotiques pour satisfaire vos papilles. Notre barres orignal et sportive.","robots":{"index":"index","follow":"follow","max-snippet":"max-snippet:-1","max-image-preview":"max-image-preview:large","max-video-preview":"max-video-preview:-1"},"canonical":"https:\/\/buenavita.fr\/boutique\/boutique\/milkii-protein-bar-coconuts-flakes\/","og_locale":"fr_FR","og_type":"article","og_title":"Milkii Protein Bar Coconut flakes X12 Barres Buenavita","og_description":"D\u00e9couvrez notre d\u00e9licieuses Milkii Protein bar coconut, une explosion de saveurs exotiques pour satisfaire vos papilles. Notre barres orignal et sportive.","og_url":"https:\/\/buenavita.fr\/boutique\/boutique\/milkii-protein-bar-coconuts-flakes\/","og_site_name":"Buenavita","article_publisher":"https:\/\/www.facebook.com\/buenavita.cafe\/","article_modified_time":"2025-09-15T12:18:53+00:00","og_image":[{"width":486,"height":655,"url":"https:\/\/buenavita.fr\/wp-content\/uploads\/2023\/12\/milkiicoconuts.png","type":"image\/png"}],"twitter_card":"summary_large_image","twitter_site":"@CafeBuenavita","twitter_misc":{"Dur\u00e9e de lecture estim\u00e9e":"1 minute"},"schema":{"@context":"https:\/\/schema.org","@graph":[{"@type":"WebPage","@id":"https:\/\/buenavita.fr\/boutique\/boutique\/milkii-protein-bar-coconuts-flakes\/","url":"https:\/\/buenavita.fr\/boutique\/boutique\/milkii-protein-bar-coconuts-flakes\/","name":"Milkii Protein Bar Coconut flakes X12 Barres Buenavita","isPartOf":{"@id":"https:\/\/buenavita.fr\/boutique\/#website"},"primaryImageOfPage":{"@id":"https:\/\/buenavita.fr\/boutique\/boutique\/milkii-protein-bar-coconuts-flakes\/#primaryimage"},"image":{"@id":"https:\/\/buenavita.fr\/boutique\/boutique\/milkii-protein-bar-coconuts-flakes\/#primaryimage"},"thumbnailUrl":"https:\/\/buenavita.fr\/wp-content\/uploads\/2023\/12\/milkiicoconuts.png","datePublished":"2023-12-08T09:55:46+00:00","dateModified":"2025-09-15T12:18:53+00:00","description":"D\u00e9couvrez notre d\u00e9licieuses Milkii Protein bar coconut, une explosion de saveurs exotiques pour satisfaire vos papilles. Notre barres orignal et sportive.","breadcrumb":{"@id":"https:\/\/buenavita.fr\/boutique\/boutique\/milkii-protein-bar-coconuts-flakes\/#breadcrumb"},"inLanguage":"fr-FR","potentialAction":[{"@type":"ReadAction","target":["https:\/\/buenavita.fr\/boutique\/boutique\/milkii-protein-bar-coconuts-flakes\/"]}]},{"@type":"ImageObject","inLanguage":"fr-FR","@id":"https:\/\/buenavita.fr\/boutique\/boutique\/milkii-protein-bar-coconuts-flakes\/#primaryimage","url":"https:\/\/buenavita.fr\/wp-content\/uploads\/2023\/12\/milkiicoconuts.png","contentUrl":"https:\/\/buenavita.fr\/wp-content\/uploads\/2023\/12\/milkiicoconuts.png","width":486,"height":655,"caption":"Protein bar coconuts"},{"@type":"BreadcrumbList","@id":"https:\/\/buenavita.fr\/boutique\/boutique\/milkii-protein-bar-coconuts-flakes\/#breadcrumb","itemListElement":[{"@type":"ListItem","position":1,"name":"Accueil","item":"https:\/\/buenavita.fr\/boutique\/"},{"@type":"ListItem","position":2,"name":"Milkii Protein Bar Coconut flakes X12 Barres"}]},{"@type":"WebSite","@id":"https:\/\/buenavita.fr\/boutique\/#website","url":"https:\/\/buenavita.fr\/boutique\/","name":"Buenavita","description":"100% plaisir - sans allerg\u00e8ne - Eco responsable","potentialAction":[{"@type":"SearchAction","target":{"@type":"EntryPoint","urlTemplate":"https:\/\/buenavita.fr\/boutique\/?s={search_term_string}"},"query-input":{"@type":"PropertyValueSpecification","valueRequired":true,"valueName":"search_term_string"}}],"inLanguage":"fr-FR"}]}},"_links":{"self":[{"href":"https:\/\/buenavita.fr\/boutique\/wp-json\/wp\/v2\/product\/8966","targetHints":{"allow":["GET"]}}],"collection":[{"href":"https:\/\/buenavita.fr\/boutique\/wp-json\/wp\/v2\/product"}],"about":[{"href":"https:\/\/buenavita.fr\/boutique\/wp-json\/wp\/v2\/types\/product"}],"replies":[{"embeddable":true,"href":"https:\/\/buenavita.fr\/boutique\/wp-json\/wp\/v2\/comments?post=8966"}],"wp:featuredmedia":[{"embeddable":true,"href":"https:\/\/buenavita.fr\/boutique\/wp-json\/wp\/v2\/media\/8967"}],"wp:attachment":[{"href":"https:\/\/buenavita.fr\/boutique\/wp-json\/wp\/v2\/media?parent=8966"}],"wp:term":[{"taxonomy":"product_brand","embeddable":true,"href":"https:\/\/buenavita.fr\/boutique\/wp-json\/wp\/v2\/product_brand?post=8966"},{"taxonomy":"product_cat","embeddable":true,"href":"https:\/\/buenavita.fr\/boutique\/wp-json\/wp\/v2\/product_cat?post=8966"},{"taxonomy":"product_tag","embeddable":true,"href":"https:\/\/buenavita.fr\/boutique\/wp-json\/wp\/v2\/product_tag?post=8966"}],"curies":[{"name":"wp","href":"https:\/\/api.w.org\/{rel}","templated":true}]}}