{"id":8962,"date":"2023-12-06T12:26:49","date_gmt":"2023-12-06T11:26:49","guid":{"rendered":"https:\/\/buenavita.fr\/boutique\/?post_type=product&#038;p=8962"},"modified":"2025-09-15T14:20:08","modified_gmt":"2025-09-15T12:20:08","slug":"protein-crunchy-bar-chocolate","status":"publish","type":"product","link":"https:\/\/buenavita.fr\/boutique\/boutique\/protein-crunchy-bar-chocolate\/","title":{"rendered":"Protein Crunchy Bar  Chocolate"},"content":{"rendered":"","protected":false},"excerpt":{"rendered":"","protected":false},"featured_media":8963,"comment_status":"closed","ping_status":"closed","template":"","meta":{"_acf_changed":false},"product_brand":[],"product_cat":[71],"product_tag":[],"class_list":{"0":"post-8962","1":"product","2":"type-product","3":"status-publish","4":"has-post-thumbnail","6":"product_cat-produits-proteines","8":"first","9":"instock","10":"taxable","11":"shipping-taxable","12":"purchasable","13":"product-type-simple"},"supplier_id":null,"supplier_sku":"","barcode":null,"atum_controlled":true,"out_stock_date":null,"out_stock_threshold":null,"inheritable":false,"inbound_stock":null,"stock_on_hold":0,"sold_today":0,"sales_last_days":0,"reserved_stock":null,"customer_returns":null,"warehouse_damage":null,"lost_in_post":null,"other_logs":null,"out_stock_days":0,"lost_sales":0,"has_location":false,"update_date":"2026-04-30T03:10:33","atum_locations":[],"atum_stock_status":"instock","restock_status":false,"low_stock_amount":"","sales_update_date":"2026-04-30T03:10:33","calc_backorders":null,"acf":[],"yoast_head":"<!-- This site is optimized with the Yoast SEO plugin v27.0 - https:\/\/yoast.com\/product\/yoast-seo-wordpress\/ -->\n<title>Protein Crunchy Bar Chocolate - Buenavita<\/title>\n<meta name=\"description\" content=\"D\u00e9couvrez l&#039;extase chocolat\u00e9e avec notre barre prot\u00e9in\u00e9e au chocolat exquis. Savourez chaque bouch\u00e9e riche en prot\u00e9ines de qualit\u00e9, associ\u00e9e \u00e0 la gourmandise du chocolat noir intense. Parfaite pour une \u00e9nergie durable et une r\u00e9cup\u00e9ration musculaire, notre barre prot\u00e9in\u00e9e chocolat est la collation id\u00e9ale pour les amateurs de fitness et de saveurs d\u00e9licieuses.\" \/>\n<meta name=\"robots\" content=\"index, follow, max-snippet:-1, max-image-preview:large, max-video-preview:-1\" \/>\n<link rel=\"canonical\" href=\"https:\/\/buenavita.fr\/boutique\/boutique\/protein-crunchy-bar-chocolate\/\" \/>\n<meta property=\"og:locale\" content=\"fr_FR\" \/>\n<meta property=\"og:type\" content=\"article\" \/>\n<meta property=\"og:title\" content=\"Protein Crunchy Bar Chocolate - Buenavita\" \/>\n<meta property=\"og:description\" content=\"D\u00e9couvrez l&#039;extase chocolat\u00e9e avec notre barre prot\u00e9in\u00e9e au chocolat exquis. Savourez chaque bouch\u00e9e riche en prot\u00e9ines de qualit\u00e9, associ\u00e9e \u00e0 la gourmandise du chocolat noir intense. Parfaite pour une \u00e9nergie durable et une r\u00e9cup\u00e9ration musculaire, notre barre prot\u00e9in\u00e9e chocolat est la collation id\u00e9ale pour les amateurs de fitness et de saveurs d\u00e9licieuses.\" \/>\n<meta property=\"og:url\" content=\"https:\/\/buenavita.fr\/boutique\/boutique\/protein-crunchy-bar-chocolate\/\" \/>\n<meta property=\"og:site_name\" content=\"Buenavita\" \/>\n<meta property=\"article:publisher\" content=\"https:\/\/www.facebook.com\/buenavita.cafe\/\" \/>\n<meta property=\"article:modified_time\" content=\"2025-09-15T12:20:08+00:00\" \/>\n<meta property=\"og:image\" content=\"https:\/\/buenavita.fr\/wp-content\/uploads\/2023\/12\/qnt-chocolat.png\" \/>\n\t<meta property=\"og:image:width\" content=\"525\" \/>\n\t<meta property=\"og:image:height\" content=\"627\" \/>\n\t<meta property=\"og:image:type\" content=\"image\/png\" \/>\n<meta name=\"twitter:card\" content=\"summary_large_image\" \/>\n<meta name=\"twitter:site\" content=\"@CafeBuenavita\" \/>\n<script type=\"application\/ld+json\" class=\"yoast-schema-graph\">{\"@context\":\"https:\/\/schema.org\",\"@graph\":[{\"@type\":\"WebPage\",\"@id\":\"https:\/\/buenavita.fr\/boutique\/boutique\/protein-crunchy-bar-chocolate\/\",\"url\":\"https:\/\/buenavita.fr\/boutique\/boutique\/protein-crunchy-bar-chocolate\/\",\"name\":\"Protein Crunchy Bar Chocolate - Buenavita\",\"isPartOf\":{\"@id\":\"https:\/\/buenavita.fr\/boutique\/#website\"},\"primaryImageOfPage\":{\"@id\":\"https:\/\/buenavita.fr\/boutique\/boutique\/protein-crunchy-bar-chocolate\/#primaryimage\"},\"image\":{\"@id\":\"https:\/\/buenavita.fr\/boutique\/boutique\/protein-crunchy-bar-chocolate\/#primaryimage\"},\"thumbnailUrl\":\"https:\/\/buenavita.fr\/wp-content\/uploads\/2023\/12\/qnt-chocolat.png\",\"datePublished\":\"2023-12-06T11:26:49+00:00\",\"dateModified\":\"2025-09-15T12:20:08+00:00\",\"description\":\"D\u00e9couvrez l'extase chocolat\u00e9e avec notre barre prot\u00e9in\u00e9e au chocolat exquis. Savourez chaque bouch\u00e9e riche en prot\u00e9ines de qualit\u00e9, associ\u00e9e \u00e0 la gourmandise du chocolat noir intense. Parfaite pour une \u00e9nergie durable et une r\u00e9cup\u00e9ration musculaire, notre barre prot\u00e9in\u00e9e chocolat est la collation id\u00e9ale pour les amateurs de fitness et de saveurs d\u00e9licieuses.\",\"breadcrumb\":{\"@id\":\"https:\/\/buenavita.fr\/boutique\/boutique\/protein-crunchy-bar-chocolate\/#breadcrumb\"},\"inLanguage\":\"fr-FR\",\"potentialAction\":[{\"@type\":\"ReadAction\",\"target\":[\"https:\/\/buenavita.fr\/boutique\/boutique\/protein-crunchy-bar-chocolate\/\"]}]},{\"@type\":\"ImageObject\",\"inLanguage\":\"fr-FR\",\"@id\":\"https:\/\/buenavita.fr\/boutique\/boutique\/protein-crunchy-bar-chocolate\/#primaryimage\",\"url\":\"https:\/\/buenavita.fr\/wp-content\/uploads\/2023\/12\/qnt-chocolat.png\",\"contentUrl\":\"https:\/\/buenavita.fr\/wp-content\/uploads\/2023\/12\/qnt-chocolat.png\",\"width\":525,\"height\":627,\"caption\":\"qnt chocolat\"},{\"@type\":\"BreadcrumbList\",\"@id\":\"https:\/\/buenavita.fr\/boutique\/boutique\/protein-crunchy-bar-chocolate\/#breadcrumb\",\"itemListElement\":[{\"@type\":\"ListItem\",\"position\":1,\"name\":\"Accueil\",\"item\":\"https:\/\/buenavita.fr\/boutique\/\"},{\"@type\":\"ListItem\",\"position\":2,\"name\":\"Protein Crunchy Bar Chocolate\"}]},{\"@type\":\"WebSite\",\"@id\":\"https:\/\/buenavita.fr\/boutique\/#website\",\"url\":\"https:\/\/buenavita.fr\/boutique\/\",\"name\":\"Buenavita\",\"description\":\"100% plaisir - sans allerg\u00e8ne - Eco responsable\",\"potentialAction\":[{\"@type\":\"SearchAction\",\"target\":{\"@type\":\"EntryPoint\",\"urlTemplate\":\"https:\/\/buenavita.fr\/boutique\/?s={search_term_string}\"},\"query-input\":{\"@type\":\"PropertyValueSpecification\",\"valueRequired\":true,\"valueName\":\"search_term_string\"}}],\"inLanguage\":\"fr-FR\"}]}<\/script>\n<!-- \/ Yoast SEO plugin. -->","yoast_head_json":{"title":"Protein Crunchy Bar Chocolate - Buenavita","description":"D\u00e9couvrez l'extase chocolat\u00e9e avec notre barre prot\u00e9in\u00e9e au chocolat exquis. Savourez chaque bouch\u00e9e riche en prot\u00e9ines de qualit\u00e9, associ\u00e9e \u00e0 la gourmandise du chocolat noir intense. Parfaite pour une \u00e9nergie durable et une r\u00e9cup\u00e9ration musculaire, notre barre prot\u00e9in\u00e9e chocolat est la collation id\u00e9ale pour les amateurs de fitness et de saveurs d\u00e9licieuses.","robots":{"index":"index","follow":"follow","max-snippet":"max-snippet:-1","max-image-preview":"max-image-preview:large","max-video-preview":"max-video-preview:-1"},"canonical":"https:\/\/buenavita.fr\/boutique\/boutique\/protein-crunchy-bar-chocolate\/","og_locale":"fr_FR","og_type":"article","og_title":"Protein Crunchy Bar Chocolate - Buenavita","og_description":"D\u00e9couvrez l'extase chocolat\u00e9e avec notre barre prot\u00e9in\u00e9e au chocolat exquis. Savourez chaque bouch\u00e9e riche en prot\u00e9ines de qualit\u00e9, associ\u00e9e \u00e0 la gourmandise du chocolat noir intense. Parfaite pour une \u00e9nergie durable et une r\u00e9cup\u00e9ration musculaire, notre barre prot\u00e9in\u00e9e chocolat est la collation id\u00e9ale pour les amateurs de fitness et de saveurs d\u00e9licieuses.","og_url":"https:\/\/buenavita.fr\/boutique\/boutique\/protein-crunchy-bar-chocolate\/","og_site_name":"Buenavita","article_publisher":"https:\/\/www.facebook.com\/buenavita.cafe\/","article_modified_time":"2025-09-15T12:20:08+00:00","og_image":[{"width":525,"height":627,"url":"https:\/\/buenavita.fr\/wp-content\/uploads\/2023\/12\/qnt-chocolat.png","type":"image\/png"}],"twitter_card":"summary_large_image","twitter_site":"@CafeBuenavita","schema":{"@context":"https:\/\/schema.org","@graph":[{"@type":"WebPage","@id":"https:\/\/buenavita.fr\/boutique\/boutique\/protein-crunchy-bar-chocolate\/","url":"https:\/\/buenavita.fr\/boutique\/boutique\/protein-crunchy-bar-chocolate\/","name":"Protein Crunchy Bar Chocolate - Buenavita","isPartOf":{"@id":"https:\/\/buenavita.fr\/boutique\/#website"},"primaryImageOfPage":{"@id":"https:\/\/buenavita.fr\/boutique\/boutique\/protein-crunchy-bar-chocolate\/#primaryimage"},"image":{"@id":"https:\/\/buenavita.fr\/boutique\/boutique\/protein-crunchy-bar-chocolate\/#primaryimage"},"thumbnailUrl":"https:\/\/buenavita.fr\/wp-content\/uploads\/2023\/12\/qnt-chocolat.png","datePublished":"2023-12-06T11:26:49+00:00","dateModified":"2025-09-15T12:20:08+00:00","description":"D\u00e9couvrez l'extase chocolat\u00e9e avec notre barre prot\u00e9in\u00e9e au chocolat exquis. Savourez chaque bouch\u00e9e riche en prot\u00e9ines de qualit\u00e9, associ\u00e9e \u00e0 la gourmandise du chocolat noir intense. Parfaite pour une \u00e9nergie durable et une r\u00e9cup\u00e9ration musculaire, notre barre prot\u00e9in\u00e9e chocolat est la collation id\u00e9ale pour les amateurs de fitness et de saveurs d\u00e9licieuses.","breadcrumb":{"@id":"https:\/\/buenavita.fr\/boutique\/boutique\/protein-crunchy-bar-chocolate\/#breadcrumb"},"inLanguage":"fr-FR","potentialAction":[{"@type":"ReadAction","target":["https:\/\/buenavita.fr\/boutique\/boutique\/protein-crunchy-bar-chocolate\/"]}]},{"@type":"ImageObject","inLanguage":"fr-FR","@id":"https:\/\/buenavita.fr\/boutique\/boutique\/protein-crunchy-bar-chocolate\/#primaryimage","url":"https:\/\/buenavita.fr\/wp-content\/uploads\/2023\/12\/qnt-chocolat.png","contentUrl":"https:\/\/buenavita.fr\/wp-content\/uploads\/2023\/12\/qnt-chocolat.png","width":525,"height":627,"caption":"qnt chocolat"},{"@type":"BreadcrumbList","@id":"https:\/\/buenavita.fr\/boutique\/boutique\/protein-crunchy-bar-chocolate\/#breadcrumb","itemListElement":[{"@type":"ListItem","position":1,"name":"Accueil","item":"https:\/\/buenavita.fr\/boutique\/"},{"@type":"ListItem","position":2,"name":"Protein Crunchy Bar Chocolate"}]},{"@type":"WebSite","@id":"https:\/\/buenavita.fr\/boutique\/#website","url":"https:\/\/buenavita.fr\/boutique\/","name":"Buenavita","description":"100% plaisir - sans allerg\u00e8ne - Eco responsable","potentialAction":[{"@type":"SearchAction","target":{"@type":"EntryPoint","urlTemplate":"https:\/\/buenavita.fr\/boutique\/?s={search_term_string}"},"query-input":{"@type":"PropertyValueSpecification","valueRequired":true,"valueName":"search_term_string"}}],"inLanguage":"fr-FR"}]}},"_links":{"self":[{"href":"https:\/\/buenavita.fr\/boutique\/wp-json\/wp\/v2\/product\/8962","targetHints":{"allow":["GET"]}}],"collection":[{"href":"https:\/\/buenavita.fr\/boutique\/wp-json\/wp\/v2\/product"}],"about":[{"href":"https:\/\/buenavita.fr\/boutique\/wp-json\/wp\/v2\/types\/product"}],"replies":[{"embeddable":true,"href":"https:\/\/buenavita.fr\/boutique\/wp-json\/wp\/v2\/comments?post=8962"}],"wp:featuredmedia":[{"embeddable":true,"href":"https:\/\/buenavita.fr\/boutique\/wp-json\/wp\/v2\/media\/8963"}],"wp:attachment":[{"href":"https:\/\/buenavita.fr\/boutique\/wp-json\/wp\/v2\/media?parent=8962"}],"wp:term":[{"taxonomy":"product_brand","embeddable":true,"href":"https:\/\/buenavita.fr\/boutique\/wp-json\/wp\/v2\/product_brand?post=8962"},{"taxonomy":"product_cat","embeddable":true,"href":"https:\/\/buenavita.fr\/boutique\/wp-json\/wp\/v2\/product_cat?post=8962"},{"taxonomy":"product_tag","embeddable":true,"href":"https:\/\/buenavita.fr\/boutique\/wp-json\/wp\/v2\/product_tag?post=8962"}],"curies":[{"name":"wp","href":"https:\/\/api.w.org\/{rel}","templated":true}]}}