{"id":362,"date":"2017-03-28T10:03:09","date_gmt":"2017-03-28T08:03:09","guid":{"rendered":"https:\/\/buenavita.fr\/?post_type=product&#038;p=362"},"modified":"2025-09-16T10:31:26","modified_gmt":"2025-09-16T08:31:26","slug":"cafe-grain-naturel","status":"publish","type":"product","link":"https:\/\/buenavita.fr\/boutique\/boutique\/cafe-grain-naturel\/","title":{"rendered":"Caf\u00e9 en grains Naturel (1kg)"},"content":{"rendered":"<p>100% Arabica<\/p>\n<p>Origine : Br\u00e9sil &amp; Nicaragua<\/p>\n","protected":false},"excerpt":{"rendered":"<p style=\"text-align: justify;\"><strong>Puissant et bois\u00e9<\/strong><\/p>\n<p style=\"text-align: justify;\">Embarquer \u00e0 bord des grains Naturel pour d\u00e9couvrir le Br\u00e9sil et le Nicaragua, avec un caf\u00e9 100% Arabica lentement torr\u00e9fi\u00e9 pour r\u00e9v\u00e9ler toute sa saveur.<\/p>\n<p>D\u00e9couvrez un ar\u00f4me puissant et une pointe d&rsquo;acidit\u00e9 agr\u00e9able en bouche qui en fait un caf\u00e9 plein de vivacit\u00e9.<\/p>\n","protected":false},"featured_media":9267,"comment_status":"open","ping_status":"closed","template":"","meta":{"_acf_changed":false},"product_brand":[],"product_cat":[22],"product_tag":[],"class_list":{"0":"post-362","1":"product","2":"type-product","3":"status-publish","4":"has-post-thumbnail","6":"product_cat-cafe-en-grain","8":"first","9":"instock","10":"taxable","11":"shipping-taxable","12":"purchasable","13":"product-type-simple"},"supplier_id":null,"supplier_sku":"","barcode":null,"atum_controlled":false,"out_stock_date":null,"out_stock_threshold":null,"inheritable":false,"inbound_stock":null,"stock_on_hold":174,"sold_today":0,"sales_last_days":8,"reserved_stock":null,"customer_returns":null,"warehouse_damage":null,"lost_in_post":null,"other_logs":null,"out_stock_days":0,"lost_sales":0,"has_location":false,"update_date":"2026-04-30T03:10:34","atum_locations":[],"atum_stock_status":"instock","restock_status":false,"low_stock_amount":"","sales_update_date":"2026-04-30T03:10:34","calc_backorders":null,"acf":[],"yoast_head":"<!-- This site is optimized with the Yoast SEO plugin v27.0 - https:\/\/yoast.com\/product\/yoast-seo-wordpress\/ -->\n<title>Caf\u00e9 en grains Naturel (1kg) - Buenavita<\/title>\n<meta name=\"robots\" content=\"index, follow, max-snippet:-1, max-image-preview:large, max-video-preview:-1\" \/>\n<link rel=\"canonical\" href=\"https:\/\/buenavita.fr\/boutique\/boutique\/cafe-grain-naturel\/\" \/>\n<meta property=\"og:locale\" content=\"fr_FR\" \/>\n<meta property=\"og:type\" content=\"article\" \/>\n<meta property=\"og:title\" content=\"Caf\u00e9 en grains Naturel (1kg) - Buenavita\" \/>\n<meta property=\"og:description\" content=\"Puissant et bois\u00e9 Embarquer \u00e0 bord des grains Naturel pour d\u00e9couvrir le Br\u00e9sil et le Nicaragua, avec un caf\u00e9 100% Arabica lentement torr\u00e9fi\u00e9 pour r\u00e9v\u00e9ler toute sa saveur. D\u00e9couvrez un ar\u00f4me puissant et une pointe d&#039;acidit\u00e9 agr\u00e9able en bouche qui en fait un caf\u00e9 plein de vivacit\u00e9.\" \/>\n<meta property=\"og:url\" content=\"https:\/\/buenavita.fr\/boutique\/boutique\/cafe-grain-naturel\/\" \/>\n<meta property=\"og:site_name\" content=\"Buenavita\" \/>\n<meta property=\"article:publisher\" content=\"https:\/\/www.facebook.com\/buenavita.cafe\/\" \/>\n<meta property=\"article:modified_time\" content=\"2025-09-16T08:31:26+00:00\" \/>\n<meta property=\"og:image\" content=\"https:\/\/buenavita.fr\/wp-content\/uploads\/2017\/03\/CAFE-GRAIN-NATUREL.png\" \/>\n\t<meta property=\"og:image:width\" content=\"1024\" \/>\n\t<meta property=\"og:image:height\" content=\"1024\" \/>\n\t<meta property=\"og:image:type\" content=\"image\/png\" \/>\n<meta name=\"twitter:card\" content=\"summary_large_image\" \/>\n<meta name=\"twitter:site\" content=\"@CafeBuenavita\" \/>\n<meta name=\"twitter:label1\" content=\"Dur\u00e9e de lecture estim\u00e9e\" \/>\n\t<meta name=\"twitter:data1\" content=\"1 minute\" \/>\n<script type=\"application\/ld+json\" class=\"yoast-schema-graph\">{\"@context\":\"https:\/\/schema.org\",\"@graph\":[{\"@type\":\"WebPage\",\"@id\":\"https:\/\/buenavita.fr\/boutique\/boutique\/cafe-grain-naturel\/\",\"url\":\"https:\/\/buenavita.fr\/boutique\/boutique\/cafe-grain-naturel\/\",\"name\":\"Caf\u00e9 en grains Naturel (1kg) - Buenavita\",\"isPartOf\":{\"@id\":\"https:\/\/buenavita.fr\/boutique\/#website\"},\"primaryImageOfPage\":{\"@id\":\"https:\/\/buenavita.fr\/boutique\/boutique\/cafe-grain-naturel\/#primaryimage\"},\"image\":{\"@id\":\"https:\/\/buenavita.fr\/boutique\/boutique\/cafe-grain-naturel\/#primaryimage\"},\"thumbnailUrl\":\"https:\/\/buenavita.fr\/wp-content\/uploads\/2017\/03\/CAFE-GRAIN-NATUREL.png\",\"datePublished\":\"2017-03-28T08:03:09+00:00\",\"dateModified\":\"2025-09-16T08:31:26+00:00\",\"breadcrumb\":{\"@id\":\"https:\/\/buenavita.fr\/boutique\/boutique\/cafe-grain-naturel\/#breadcrumb\"},\"inLanguage\":\"fr-FR\",\"potentialAction\":[{\"@type\":\"ReadAction\",\"target\":[\"https:\/\/buenavita.fr\/boutique\/boutique\/cafe-grain-naturel\/\"]}]},{\"@type\":\"ImageObject\",\"inLanguage\":\"fr-FR\",\"@id\":\"https:\/\/buenavita.fr\/boutique\/boutique\/cafe-grain-naturel\/#primaryimage\",\"url\":\"https:\/\/buenavita.fr\/wp-content\/uploads\/2017\/03\/CAFE-GRAIN-NATUREL.png\",\"contentUrl\":\"https:\/\/buenavita.fr\/wp-content\/uploads\/2017\/03\/CAFE-GRAIN-NATUREL.png\",\"width\":1024,\"height\":1024},{\"@type\":\"BreadcrumbList\",\"@id\":\"https:\/\/buenavita.fr\/boutique\/boutique\/cafe-grain-naturel\/#breadcrumb\",\"itemListElement\":[{\"@type\":\"ListItem\",\"position\":1,\"name\":\"Accueil\",\"item\":\"https:\/\/buenavita.fr\/boutique\/\"},{\"@type\":\"ListItem\",\"position\":2,\"name\":\"Caf\u00e9 en grains Naturel (1kg)\"}]},{\"@type\":\"WebSite\",\"@id\":\"https:\/\/buenavita.fr\/boutique\/#website\",\"url\":\"https:\/\/buenavita.fr\/boutique\/\",\"name\":\"Buenavita\",\"description\":\"100% plaisir - sans allerg\u00e8ne - Eco responsable\",\"potentialAction\":[{\"@type\":\"SearchAction\",\"target\":{\"@type\":\"EntryPoint\",\"urlTemplate\":\"https:\/\/buenavita.fr\/boutique\/?s={search_term_string}\"},\"query-input\":{\"@type\":\"PropertyValueSpecification\",\"valueRequired\":true,\"valueName\":\"search_term_string\"}}],\"inLanguage\":\"fr-FR\"}]}<\/script>\n<!-- \/ Yoast SEO plugin. -->","yoast_head_json":{"title":"Caf\u00e9 en grains Naturel (1kg) - Buenavita","robots":{"index":"index","follow":"follow","max-snippet":"max-snippet:-1","max-image-preview":"max-image-preview:large","max-video-preview":"max-video-preview:-1"},"canonical":"https:\/\/buenavita.fr\/boutique\/boutique\/cafe-grain-naturel\/","og_locale":"fr_FR","og_type":"article","og_title":"Caf\u00e9 en grains Naturel (1kg) - Buenavita","og_description":"Puissant et bois\u00e9 Embarquer \u00e0 bord des grains Naturel pour d\u00e9couvrir le Br\u00e9sil et le Nicaragua, avec un caf\u00e9 100% Arabica lentement torr\u00e9fi\u00e9 pour r\u00e9v\u00e9ler toute sa saveur. D\u00e9couvrez un ar\u00f4me puissant et une pointe d'acidit\u00e9 agr\u00e9able en bouche qui en fait un caf\u00e9 plein de vivacit\u00e9.","og_url":"https:\/\/buenavita.fr\/boutique\/boutique\/cafe-grain-naturel\/","og_site_name":"Buenavita","article_publisher":"https:\/\/www.facebook.com\/buenavita.cafe\/","article_modified_time":"2025-09-16T08:31:26+00:00","og_image":[{"width":1024,"height":1024,"url":"https:\/\/buenavita.fr\/wp-content\/uploads\/2017\/03\/CAFE-GRAIN-NATUREL.png","type":"image\/png"}],"twitter_card":"summary_large_image","twitter_site":"@CafeBuenavita","twitter_misc":{"Dur\u00e9e de lecture estim\u00e9e":"1 minute"},"schema":{"@context":"https:\/\/schema.org","@graph":[{"@type":"WebPage","@id":"https:\/\/buenavita.fr\/boutique\/boutique\/cafe-grain-naturel\/","url":"https:\/\/buenavita.fr\/boutique\/boutique\/cafe-grain-naturel\/","name":"Caf\u00e9 en grains Naturel (1kg) - Buenavita","isPartOf":{"@id":"https:\/\/buenavita.fr\/boutique\/#website"},"primaryImageOfPage":{"@id":"https:\/\/buenavita.fr\/boutique\/boutique\/cafe-grain-naturel\/#primaryimage"},"image":{"@id":"https:\/\/buenavita.fr\/boutique\/boutique\/cafe-grain-naturel\/#primaryimage"},"thumbnailUrl":"https:\/\/buenavita.fr\/wp-content\/uploads\/2017\/03\/CAFE-GRAIN-NATUREL.png","datePublished":"2017-03-28T08:03:09+00:00","dateModified":"2025-09-16T08:31:26+00:00","breadcrumb":{"@id":"https:\/\/buenavita.fr\/boutique\/boutique\/cafe-grain-naturel\/#breadcrumb"},"inLanguage":"fr-FR","potentialAction":[{"@type":"ReadAction","target":["https:\/\/buenavita.fr\/boutique\/boutique\/cafe-grain-naturel\/"]}]},{"@type":"ImageObject","inLanguage":"fr-FR","@id":"https:\/\/buenavita.fr\/boutique\/boutique\/cafe-grain-naturel\/#primaryimage","url":"https:\/\/buenavita.fr\/wp-content\/uploads\/2017\/03\/CAFE-GRAIN-NATUREL.png","contentUrl":"https:\/\/buenavita.fr\/wp-content\/uploads\/2017\/03\/CAFE-GRAIN-NATUREL.png","width":1024,"height":1024},{"@type":"BreadcrumbList","@id":"https:\/\/buenavita.fr\/boutique\/boutique\/cafe-grain-naturel\/#breadcrumb","itemListElement":[{"@type":"ListItem","position":1,"name":"Accueil","item":"https:\/\/buenavita.fr\/boutique\/"},{"@type":"ListItem","position":2,"name":"Caf\u00e9 en grains Naturel (1kg)"}]},{"@type":"WebSite","@id":"https:\/\/buenavita.fr\/boutique\/#website","url":"https:\/\/buenavita.fr\/boutique\/","name":"Buenavita","description":"100% plaisir - sans allerg\u00e8ne - Eco responsable","potentialAction":[{"@type":"SearchAction","target":{"@type":"EntryPoint","urlTemplate":"https:\/\/buenavita.fr\/boutique\/?s={search_term_string}"},"query-input":{"@type":"PropertyValueSpecification","valueRequired":true,"valueName":"search_term_string"}}],"inLanguage":"fr-FR"}]}},"_links":{"self":[{"href":"https:\/\/buenavita.fr\/boutique\/wp-json\/wp\/v2\/product\/362","targetHints":{"allow":["GET"]}}],"collection":[{"href":"https:\/\/buenavita.fr\/boutique\/wp-json\/wp\/v2\/product"}],"about":[{"href":"https:\/\/buenavita.fr\/boutique\/wp-json\/wp\/v2\/types\/product"}],"replies":[{"embeddable":true,"href":"https:\/\/buenavita.fr\/boutique\/wp-json\/wp\/v2\/comments?post=362"}],"wp:featuredmedia":[{"embeddable":true,"href":"https:\/\/buenavita.fr\/boutique\/wp-json\/wp\/v2\/media\/9267"}],"wp:attachment":[{"href":"https:\/\/buenavita.fr\/boutique\/wp-json\/wp\/v2\/media?parent=362"}],"wp:term":[{"taxonomy":"product_brand","embeddable":true,"href":"https:\/\/buenavita.fr\/boutique\/wp-json\/wp\/v2\/product_brand?post=362"},{"taxonomy":"product_cat","embeddable":true,"href":"https:\/\/buenavita.fr\/boutique\/wp-json\/wp\/v2\/product_cat?post=362"},{"taxonomy":"product_tag","embeddable":true,"href":"https:\/\/buenavita.fr\/boutique\/wp-json\/wp\/v2\/product_tag?post=362"}],"curies":[{"name":"wp","href":"https:\/\/api.w.org\/{rel}","templated":true}]}}

Café en grains Naturel (1kg)

<p>100% Arabica</p>
<p>Origine : Brésil &amp; Nicaragua</p>

<p style="text-align: justify;"><strong>Puissant et boisé</strong></p>
<p style="text-align: justify;">Embarquer à bord des grains Naturel pour découvrir le Brésil et le Nicaragua, avec un café 100% Arabica lentement torréfié pour révéler toute sa saveur.</p>
<p>Découvrez un arôme puissant et une pointe d&rsquo;acidité agréable en bouche qui en fait un café plein de vivacité.</p>

<!-- This site is optimized with the Yoast SEO plugin v27.0 - https://yoast.com/product/yoast-seo-wordpress/ -->
<title>Café en grains Naturel (1kg) - Buenavita</title>
<meta name="robots" content="index, follow, max-snippet:-1, max-image-preview:large, max-video-preview:-1" />
<link rel="canonical" href="https://buenavita.fr/boutique/boutique/cafe-grain-naturel/" />
<meta property="og:locale" content="fr_FR" />
<meta property="og:type" content="article" />
<meta property="og:title" content="Café en grains Naturel (1kg) - Buenavita" />
<meta property="og:description" content="Puissant et boisé Embarquer à bord des grains Naturel pour découvrir le Brésil et le Nicaragua, avec un café 100% Arabica lentement torréfié pour révéler toute sa saveur. Découvrez un arôme puissant et une pointe d&#039;acidité agréable en bouche qui en fait un café plein de vivacité." />
<meta property="og:url" content="https://buenavita.fr/boutique/boutique/cafe-grain-naturel/" />
<meta property="og:site_name" content="Buenavita" />
<meta property="article:publisher" content="https://www.facebook.com/buenavita.cafe/" />
<meta property="article:modified_time" content="2025-09-16T08:31:26+00:00" />
<meta property="og:image" content="https://buenavita.fr/wp-content/uploads/2017/03/CAFE-GRAIN-NATUREL.png" />
	<meta property="og:image:width" content="1024" />
	<meta property="og:image:height" content="1024" />
	<meta property="og:image:type" content="image/png" />
<meta name="twitter:card" content="summary_large_image" />
<meta name="twitter:site" content="@CafeBuenavita" />
<meta name="twitter:label1" content="Durée de lecture estimée" />
	<meta name="twitter:data1" content="1 minute" />
<script type="application/ld+json" class="yoast-schema-graph">{"@context":"https://schema.org","@graph":[{"@type":"WebPage","@id":"https://buenavita.fr/boutique/boutique/cafe-grain-naturel/","url":"https://buenavita.fr/boutique/boutique/cafe-grain-naturel/","name":"Café en grains Naturel (1kg) - Buenavita","isPartOf":{"@id":"https://buenavita.fr/boutique/#website"},"primaryImageOfPage":{"@id":"https://buenavita.fr/boutique/boutique/cafe-grain-naturel/#primaryimage"},"image":{"@id":"https://buenavita.fr/boutique/boutique/cafe-grain-naturel/#primaryimage"},"thumbnailUrl":"https://buenavita.fr/wp-content/uploads/2017/03/CAFE-GRAIN-NATUREL.png","datePublished":"2017-03-28T08:03:09+00:00","dateModified":"2025-09-16T08:31:26+00:00","breadcrumb":{"@id":"https://buenavita.fr/boutique/boutique/cafe-grain-naturel/#breadcrumb"},"inLanguage":"fr-FR","potentialAction":[{"@type":"ReadAction","target":["https://buenavita.fr/boutique/boutique/cafe-grain-naturel/"]}]},{"@type":"ImageObject","inLanguage":"fr-FR","@id":"https://buenavita.fr/boutique/boutique/cafe-grain-naturel/#primaryimage","url":"https://buenavita.fr/wp-content/uploads/2017/03/CAFE-GRAIN-NATUREL.png","contentUrl":"https://buenavita.fr/wp-content/uploads/2017/03/CAFE-GRAIN-NATUREL.png","width":1024,"height":1024},{"@type":"BreadcrumbList","@id":"https://buenavita.fr/boutique/boutique/cafe-grain-naturel/#breadcrumb","itemListElement":[{"@type":"ListItem","position":1,"name":"Accueil","item":"https://buenavita.fr/boutique/"},{"@type":"ListItem","position":2,"name":"Café en grains Naturel (1kg)"}]},{"@type":"WebSite","@id":"https://buenavita.fr/boutique/#website","url":"https://buenavita.fr/boutique/","name":"Buenavita","description":"100% plaisir - sans allergène - Eco responsable","potentialAction":[{"@type":"SearchAction","target":{"@type":"EntryPoint","urlTemplate":"https://buenavita.fr/boutique/?s={search_term_string}"},"query-input":{"@type":"PropertyValueSpecification","valueRequired":true,"valueName":"search_term_string"}}],"inLanguage":"fr-FR"}]}</script>
<!-- / Yoast SEO plugin. -->

Café en grains Naturel (1kg) - Buenavita

Puissant et boisé Embarquer à bord des grains Naturel pour découvrir le Brésil et le Nicaragua, avec un café 100% Arabica lentement torréfié pour révéler toute sa saveur. Découvrez un arôme puissant et une pointe d'acidité agréable en bouche qui en fait un café plein de vivacité.

100% plaisir - sans allergène - Eco responsable
