{"id":91,"date":"2017-03-14T16:51:26","date_gmt":"2017-03-14T15:51:26","guid":{"rendered":"https:\/\/buenavita.fr\/?page_id=91"},"modified":"2017-05-17T15:19:46","modified_gmt":"2017-05-17T13:19:46","slug":"valeur-de-buenavita","status":"publish","type":"page","link":"https:\/\/buenavita.fr\/boutique\/a-propos\/valeur-de-buenavita\/","title":{"rendered":"Les valeurs de Buenavita"},"content":{"rendered":"<p>Valeur est un mot\u00a0qui anime Buenavita et qui s&rsquo;applique non seulement \u00e0 la marque mais \u00e9galement \u00e0 tous les acteurs qui participent \u00e0 son d\u00e9ploiement.<\/p>\n<p>C&rsquo;est pourquoi une attention et une exigence toute particuli\u00e8re ont \u00e9t\u00e9 n\u00e9cessaires dans le choix des collaborateurs.<\/p>\n<h2>La Saveur, une valeur qui a du go\u00fbt<\/h2>\n<p>Pour commencer, l&rsquo;origine de nos produits est primordiale. C&rsquo;est pourquoi nous s\u00e9lectionnons les <strong>meilleurs arabicas et robusta<\/strong>. Nous ne retenons que les assemblages qui remportent les meilleures notes en <strong>ar\u00f4me<\/strong>, visuel et texture.<\/p>\n<p>Chaque vari\u00e9t\u00e9 est soigneusement torr\u00e9fi\u00e9e s\u00e9par\u00e9ment pour pr\u00e9server tout le <strong>go\u00fbt et les ar\u00f4mes<\/strong> de nos grandes origines.<\/p>\n<p>Notre marque Buenavita a su conqu\u00e9rir les papilles de nos clients gr\u00e2ce \u00e0 la <strong>saveur et au caract\u00e8re<\/strong> de ses produits.<\/p>\n<p><a href=\"https:\/\/buenavita.fr\/notre-gamme\/\">Notre gamme<\/a> est en constante \u00e9volution, nous go\u00fbtons r\u00e9guli\u00e8rement l&rsquo;ensemble des produits afin de s&rsquo;assurer qu&rsquo;ils conservent leur <strong>qualit\u00e9<\/strong> gustative.<\/p>\n<h2>Votre Sant\u00e9, une valeur essentielle<\/h2>\n<p>Parce que nous pensons que votre sant\u00e9 est plus pr\u00e9cieuse que tout, notre gamme de boissons chaudes est garantie <strong>sans allerg\u00e8nes alimentaires majeurs<\/strong> (hors lait) tel que le bl\u00e9, les arachides, les fruits \u00e0 coques, le c\u00e9leri, le soja, l\u2019\u0153uf. Sur toute la gamme Buenavita nous essayons au maximum de <strong>r\u00e9duire le taux de sucre<\/strong> contenu dans nos produits.<\/p>\n<p>Dans un but de transparence nous mettons toutes les informations concernant nos produits \u00e0 disposition du consommateur. Ainsi, nous respectons la <strong>norme INCO<\/strong> en vigueur.<\/p>\n<p>Nous imposons \u00e0 nos usines un cahier des charges pr\u00e9cis notamment concernant le mode de fabrication des produits Buenavita sur des<strong> cha\u00eenes d\u00e9di\u00e9es<\/strong>,\u00a0\u00e9vitant ainsi tout croisement avec des allerg\u00e8nes alimentaires.<\/p>\n<p>Pour garantir notre promesse nous faisons contr\u00f4ler une\u00a0\u00e0 deux fois par an l&rsquo;ensemble des produits de la gamme par un<strong> laboratoire ind\u00e9pendant<\/strong>. Nous insistons sur la d\u00e9tection d\u2019allerg\u00e8nes alimentaire, le taux de sucre, &#8230;<\/p>\n<h2>La nature, une valeur commune<\/h2>\n<p>Une des composantes primordiales dans cette s\u00e9lection est la vigilance exclusive accord\u00e9e au respect de l&rsquo;environnement. Les fabricants ont ainsi\u00a0 \u00e9t\u00e9 s\u00e9lectionn\u00e9s pour leurs efforts dans ce sens et leur adaptation au d\u00e9veloppement durable, en plus de leur capacit\u00e9 \u00e0 r\u00e9pondre \u00e0 l&rsquo;<strong>exigence de qualit\u00e9<\/strong> requise dans notre cahier des charges.<\/p>\n<p>La torr\u00e9faction a fait l&rsquo;objet d&rsquo;une consid\u00e9ration renforc\u00e9e, notamment via l&rsquo;utilisation de l&rsquo;<strong>\u00e9nergie solaire<\/strong>, la <strong>r\u00e9cup\u00e9ration des eaux de pluie<\/strong> ou encore le retraitement et la <strong>valorisation de la parche<\/strong> de caf\u00e9 (enveloppe qui recouvre le grain de caf\u00e9 avant son nettoyage)&#8230;<\/p>\n<p>Le transport a \u00e9t\u00e9 repens\u00e9 avec des prestataires favorisant au maximum l&rsquo;utilisation de <strong>biocarburant<\/strong>, l&rsquo;optimisation et l&rsquo;adaptation de la taille des palettes afin d&rsquo;en <strong>r\u00e9duire l&rsquo;impact carbone<\/strong>. Ces efforts combin\u00e9s nous permettent une r\u00e9duction notable de l&rsquo;\u00e9mission de CO2 pour nos op\u00e9rations de convoyage.<\/p>\n<p>L&#8217;emballage est sujet \u00e0 une am\u00e9lioration permanente, avec pour objectif de r\u00e9duire l&rsquo;utilisation du carton ou encore supprimer l&#8217;emploi de l&rsquo;aluminium et favoriser son <strong>recyclage<\/strong>.<\/p>\n<p>Dans un souci d&rsquo;\u00e9conomie d&rsquo;\u00e9nergie nous nous imposons l&rsquo;utilisation sp\u00e9cifique d&rsquo;\u00e9clairage \u00e0 fonctionnement basse tension.<\/p>\n<p>La s\u00e9lection d&rsquo;additif est faite avec soin et pr\u00e9caution, le choix se portant uniquement sur des produits naturels et sains.<\/p>\n<p>Afin de compl\u00e9ter notre action en faveur de l&rsquo;environnement, nous avons d\u00e9velopp\u00e9 un partenariat avec la soci\u00e9t\u00e9 Elise, qui intervient dans le <strong>traitement eco-responsable des d\u00e9chets et leur recyclage<\/strong>.<\/p>\n<p>&nbsp;<\/p>\n<p>Cette s\u00e9rie d&rsquo;exigences et de valeurs nous permet de disposer d&rsquo;une ma\u00eetrise compl\u00e8te de la cha\u00eene de production.<\/p>\n","protected":false},"excerpt":{"rendered":"<p>Valeur est un mot\u00a0qui anime Buenavita et qui s&rsquo;applique non seulement \u00e0 la marque mais \u00e9galement \u00e0 tous les acteurs qui participent \u00e0 son d\u00e9ploiement. C&rsquo;est pourquoi une attention et une exigence toute particuli\u00e8re ont \u00e9t\u00e9 n\u00e9cessaires dans le choix des collaborateurs. La Saveur, une valeur qui a du go\u00fbt Pour commencer, l&rsquo;origine de nos &hellip; <a href=\"https:\/\/buenavita.fr\/boutique\/a-propos\/valeur-de-buenavita\/\" class=\"more-link\">Continuer la lecture<span class=\"screen-reader-text\"> de &laquo;&nbsp;Les valeurs de Buenavita&nbsp;&raquo;<\/span><\/a><\/p>\n","protected":false},"author":1,"featured_media":0,"parent":7,"menu_order":0,"comment_status":"closed","ping_status":"closed","template":"","meta":{"_acf_changed":false,"footnotes":""},"class_list":["post-91","page","type-page","status-publish","hentry"],"acf":[],"yoast_head":"<!-- This site is optimized with the Yoast SEO plugin v27.5 - https:\/\/yoast.com\/product\/yoast-seo-wordpress\/ -->\n<title>Les valeurs de Buenavita - Buenavita<\/title>\n<meta name=\"robots\" content=\"index, follow, max-snippet:-1, max-image-preview:large, max-video-preview:-1\" \/>\n<link rel=\"canonical\" href=\"https:\/\/buenavita.fr\/boutique\/a-propos\/valeur-de-buenavita\/\" \/>\n<meta property=\"og:locale\" content=\"fr_FR\" \/>\n<meta property=\"og:type\" content=\"article\" \/>\n<meta property=\"og:title\" content=\"Les valeurs de Buenavita - Buenavita\" \/>\n<meta property=\"og:description\" content=\"Valeur est un mot\u00a0qui anime Buenavita et qui s&rsquo;applique non seulement \u00e0 la marque mais \u00e9galement \u00e0 tous les acteurs qui participent \u00e0 son d\u00e9ploiement. C&rsquo;est pourquoi une attention et une exigence toute particuli\u00e8re ont \u00e9t\u00e9 n\u00e9cessaires dans le choix des collaborateurs. La Saveur, une valeur qui a du go\u00fbt Pour commencer, l&rsquo;origine de nos &hellip; Continuer la lecture de &laquo;&nbsp;Les valeurs de Buenavita&nbsp;&raquo;\" \/>\n<meta property=\"og:url\" content=\"https:\/\/buenavita.fr\/boutique\/a-propos\/valeur-de-buenavita\/\" \/>\n<meta property=\"og:site_name\" content=\"Buenavita\" \/>\n<meta property=\"article:publisher\" content=\"https:\/\/www.facebook.com\/buenavita.cafe\/\" \/>\n<meta property=\"article:modified_time\" content=\"2017-05-17T13:19:46+00:00\" \/>\n<meta name=\"twitter:card\" content=\"summary_large_image\" \/>\n<meta name=\"twitter:site\" content=\"@CafeBuenavita\" \/>\n<meta name=\"twitter:label1\" content=\"Dur\u00e9e de lecture estim\u00e9e\" \/>\n\t<meta name=\"twitter:data1\" content=\"3 minutes\" \/>\n<script type=\"application\/ld+json\" class=\"yoast-schema-graph\">{\"@context\":\"https:\\\/\\\/schema.org\",\"@graph\":[{\"@type\":\"WebPage\",\"@id\":\"https:\\\/\\\/buenavita.fr\\\/boutique\\\/a-propos\\\/valeur-de-buenavita\\\/\",\"url\":\"https:\\\/\\\/buenavita.fr\\\/boutique\\\/a-propos\\\/valeur-de-buenavita\\\/\",\"name\":\"Les valeurs de Buenavita - Buenavita\",\"isPartOf\":{\"@id\":\"https:\\\/\\\/buenavita.fr\\\/boutique\\\/#website\"},\"datePublished\":\"2017-03-14T15:51:26+00:00\",\"dateModified\":\"2017-05-17T13:19:46+00:00\",\"breadcrumb\":{\"@id\":\"https:\\\/\\\/buenavita.fr\\\/boutique\\\/a-propos\\\/valeur-de-buenavita\\\/#breadcrumb\"},\"inLanguage\":\"fr-FR\",\"potentialAction\":[{\"@type\":\"ReadAction\",\"target\":[\"https:\\\/\\\/buenavita.fr\\\/boutique\\\/a-propos\\\/valeur-de-buenavita\\\/\"]}]},{\"@type\":\"BreadcrumbList\",\"@id\":\"https:\\\/\\\/buenavita.fr\\\/boutique\\\/a-propos\\\/valeur-de-buenavita\\\/#breadcrumb\",\"itemListElement\":[{\"@type\":\"ListItem\",\"position\":1,\"name\":\"Accueil\",\"item\":\"https:\\\/\\\/buenavita.fr\\\/boutique\\\/\"},{\"@type\":\"ListItem\",\"position\":2,\"name\":\"A Propos\",\"item\":\"https:\\\/\\\/buenavita.fr\\\/boutique\\\/a-propos\\\/\"},{\"@type\":\"ListItem\",\"position\":3,\"name\":\"Les valeurs de Buenavita\"}]},{\"@type\":\"WebSite\",\"@id\":\"https:\\\/\\\/buenavita.fr\\\/boutique\\\/#website\",\"url\":\"https:\\\/\\\/buenavita.fr\\\/boutique\\\/\",\"name\":\"Buenavita\",\"description\":\"100% plaisir - sans allerg\u00e8ne - Eco responsable\",\"potentialAction\":[{\"@type\":\"SearchAction\",\"target\":{\"@type\":\"EntryPoint\",\"urlTemplate\":\"https:\\\/\\\/buenavita.fr\\\/boutique\\\/?s={search_term_string}\"},\"query-input\":{\"@type\":\"PropertyValueSpecification\",\"valueRequired\":true,\"valueName\":\"search_term_string\"}}],\"inLanguage\":\"fr-FR\"}]}<\/script>\n<!-- \/ Yoast SEO plugin. -->","yoast_head_json":{"title":"Les valeurs de Buenavita - Buenavita","robots":{"index":"index","follow":"follow","max-snippet":"max-snippet:-1","max-image-preview":"max-image-preview:large","max-video-preview":"max-video-preview:-1"},"canonical":"https:\/\/buenavita.fr\/boutique\/a-propos\/valeur-de-buenavita\/","og_locale":"fr_FR","og_type":"article","og_title":"Les valeurs de Buenavita - Buenavita","og_description":"Valeur est un mot\u00a0qui anime Buenavita et qui s&rsquo;applique non seulement \u00e0 la marque mais \u00e9galement \u00e0 tous les acteurs qui participent \u00e0 son d\u00e9ploiement. C&rsquo;est pourquoi une attention et une exigence toute particuli\u00e8re ont \u00e9t\u00e9 n\u00e9cessaires dans le choix des collaborateurs. La Saveur, une valeur qui a du go\u00fbt Pour commencer, l&rsquo;origine de nos &hellip; Continuer la lecture de &laquo;&nbsp;Les valeurs de Buenavita&nbsp;&raquo;","og_url":"https:\/\/buenavita.fr\/boutique\/a-propos\/valeur-de-buenavita\/","og_site_name":"Buenavita","article_publisher":"https:\/\/www.facebook.com\/buenavita.cafe\/","article_modified_time":"2017-05-17T13:19:46+00:00","twitter_card":"summary_large_image","twitter_site":"@CafeBuenavita","twitter_misc":{"Dur\u00e9e de lecture estim\u00e9e":"3 minutes"},"schema":{"@context":"https:\/\/schema.org","@graph":[{"@type":"WebPage","@id":"https:\/\/buenavita.fr\/boutique\/a-propos\/valeur-de-buenavita\/","url":"https:\/\/buenavita.fr\/boutique\/a-propos\/valeur-de-buenavita\/","name":"Les valeurs de Buenavita - Buenavita","isPartOf":{"@id":"https:\/\/buenavita.fr\/boutique\/#website"},"datePublished":"2017-03-14T15:51:26+00:00","dateModified":"2017-05-17T13:19:46+00:00","breadcrumb":{"@id":"https:\/\/buenavita.fr\/boutique\/a-propos\/valeur-de-buenavita\/#breadcrumb"},"inLanguage":"fr-FR","potentialAction":[{"@type":"ReadAction","target":["https:\/\/buenavita.fr\/boutique\/a-propos\/valeur-de-buenavita\/"]}]},{"@type":"BreadcrumbList","@id":"https:\/\/buenavita.fr\/boutique\/a-propos\/valeur-de-buenavita\/#breadcrumb","itemListElement":[{"@type":"ListItem","position":1,"name":"Accueil","item":"https:\/\/buenavita.fr\/boutique\/"},{"@type":"ListItem","position":2,"name":"A Propos","item":"https:\/\/buenavita.fr\/boutique\/a-propos\/"},{"@type":"ListItem","position":3,"name":"Les valeurs de Buenavita"}]},{"@type":"WebSite","@id":"https:\/\/buenavita.fr\/boutique\/#website","url":"https:\/\/buenavita.fr\/boutique\/","name":"Buenavita","description":"100% plaisir - sans allerg\u00e8ne - Eco responsable","potentialAction":[{"@type":"SearchAction","target":{"@type":"EntryPoint","urlTemplate":"https:\/\/buenavita.fr\/boutique\/?s={search_term_string}"},"query-input":{"@type":"PropertyValueSpecification","valueRequired":true,"valueName":"search_term_string"}}],"inLanguage":"fr-FR"}]}},"_links":{"self":[{"href":"https:\/\/buenavita.fr\/boutique\/wp-json\/wp\/v2\/pages\/91","targetHints":{"allow":["GET"]}}],"collection":[{"href":"https:\/\/buenavita.fr\/boutique\/wp-json\/wp\/v2\/pages"}],"about":[{"href":"https:\/\/buenavita.fr\/boutique\/wp-json\/wp\/v2\/types\/page"}],"author":[{"embeddable":true,"href":"https:\/\/buenavita.fr\/boutique\/wp-json\/wp\/v2\/users\/1"}],"replies":[{"embeddable":true,"href":"https:\/\/buenavita.fr\/boutique\/wp-json\/wp\/v2\/comments?post=91"}],"version-history":[{"count":17,"href":"https:\/\/buenavita.fr\/boutique\/wp-json\/wp\/v2\/pages\/91\/revisions"}],"predecessor-version":[{"id":705,"href":"https:\/\/buenavita.fr\/boutique\/wp-json\/wp\/v2\/pages\/91\/revisions\/705"}],"up":[{"embeddable":true,"href":"https:\/\/buenavita.fr\/boutique\/wp-json\/wp\/v2\/pages\/7"}],"wp:attachment":[{"href":"https:\/\/buenavita.fr\/boutique\/wp-json\/wp\/v2\/media?parent=91"}],"curies":[{"name":"wp","href":"https:\/\/api.w.org\/{rel}","templated":true}]}}